8 - 152, -16 = -4*u. List the prime factors of v.
2, 3, 13
Let d = 22 - 19. Suppose 0 = -4*x + 3*k + 125, -2*x + 4*k = -d*x + 17. List the prime factors of x.
29
Suppose d - i + 15 - 50 = 0, -3*d + 4*i = -101. Let x = d + 8. List the prime factors of x.
47
Let d = 3158 + -2220. What are the prime factors of d?
2, 7, 67
Suppose -3*c + 2*k + 14 = -3*k, 3*k = -3. Suppose -o = 3*o - z - 106, c*z + 84 = 3*o. List the prime factors of o.
2, 13
Suppose 3 = -3*y - 0, -12 = 3*m + 3*y. Let x(i) = 15*i**2 + 4*i + 9. Let w be x(m). Suppose 0*p - 2*p = -w. What are the prime factors of p?
2, 3, 11
Let n(u) = -u - 7. Let c be n(-8). What are the prime factors of ((-28)/(-12))/(c/12)?
2, 7
Let u(d) = -d**2 - 15*d + 14. Let w be -3 + -15*(-10)/(-15). List the prime factors of u(w).
2, 5
Suppose 8*x - 45 = 3*x. Let q be -2 + 1*x/3. Let i = q + 16. List the prime factors of i.
17
Suppose 1947 + 1605 = 8*d. List the prime factors of d.
2, 3, 37
Suppose -34 = 10*d - 554. Suppose 4*n - d = -0*n. List the prime factors of n.
13
Let d(i) be the first derivative of -4*i**2 - 22*i - 19. What are the prime factors of d(-4)?
2, 5
Suppose -c + 29 = 25. Suppose -a = -c*o + 509, 499 = 3*o + o + a. Suppose 5*y + 5*u = 245, 2*y - o + 8 = 3*u. What are the prime factors of y?
53
Let o be (9/(-3))/(-3) + -14. Let b = -14 - o. List the prime factors of -3 - (b - (-120)/(-4)).
2, 7
Let j(k) = 49*k**2 + 144*k**2 + 78*k**2. What are the prime factors of j(-1)?
271
Let a(l) = -14*l + 4. Let h be a(-4). Suppose h = 4*d - 184. List the prime factors of d.
61
Let x = 2124 - 1385. What are the prime factors of x?
739
Suppose -140*r - 878 = -142*r. List the prime factors of r.
439
Let j be 90/(-21) + (-6)/(-21). What are the prime factors of 24/j*70/(-4)?
3, 5, 7
Suppose -l - 3 = 0, -2*k - 3*l - 1 = 2*l. Let t(x) = -x**3 + 7*x**2 - x + 9. Let j be t(k). Let h = j + 48. What are the prime factors of h?
2, 5
Suppose -1460*s - 17836 = -1467*s. What are the prime factors of s?
2, 7, 13
Suppose 19*y - 871 = 18*y. List the prime factors of y.
13, 67
Let h(x) = -x**3 - 3*x**2 - 2*x + 2. Let i be h(-2). Suppose -i*k = -4*y + 14, k - 16 = -y + 4*k. What are the prime factors of (-1 - -1*48)*y?
47
Suppose -292 = -14*v - 96. What are the prime factors of v?
2, 7
Let z be (11/(-1))/((-2)/4). Let d be 4/(-10) - z/(-5). Suppose -3*b - d*u = -40, 5*b + 4*u = 38 + 42. List the prime factors of b.
2, 5
Suppose 0 = -0*a - a - 2*g + 38, -3*a + g + 149 = 0. Let z = -22 + a. What are the prime factors of z?
2, 13
Suppose -f - 167*w + 166*w = -1652, 8276 = 5*f - 3*w. What are the prime factors of f?
2, 827
List the prime factors of 7/(-28) - (-508)/16*31.
2, 3, 41
Suppose 0 = -51*y + 57*y - 10920. What are the prime factors of y?
2, 5, 7, 13
Let t(d) = 2*d - 5. Let v be t(6). Let z = 13 - v. List the prime factors of 2/z + 142/6.
2, 3
Let n be -5 + (1 - (0 + -1)). Let v = n + 9. What are the prime factors of 2/v - (-105)/9?
2, 3
Suppose -90 = -5*g + 155. Suppose 11*o - g = -5. What are the prime factors of o?
2
Let m be (-4 - 0 - -3)*-1. Suppose -3*x - m = -31. Suppose 0 = -2*d - x + 52. List the prime factors of d.
3, 7
Let t = 103 - -9. List the prime factors of t.
2, 7
Let c = -6 + 8. Suppose 5*u = -3*t + 284, -u + c*u - 68 = 5*t. List the prime factors of u.
2, 29
Suppose -1526 + 436 = -5*i. List the prime factors of i.
2, 109
List the prime factors of 1*((-35)/(-7) + 63).
2, 17
Let v(o) = 4*o**2 - 9*o + 8. Let j be v(6). Suppose -3*m + j - 38 = 0. What are the prime factors of 3/(-15) - (-1124)/m?
2, 7
Let j be (-120)/45*6/(-8). List the prime factors of 89/j + 1/(-2).
2, 11
List the prime factors of ((-60)/4 + 6)*15/(-9).
3, 5
Suppose 5*v - 11 = 9. Suppose -l + 89 = -5*u, 0 = -5*l + 3*u - v*u + 393. What are the prime factors of l?
79
Suppose 62*z = 60*z - 5*q + 5751, 4*z = 3*q + 11437. List the prime factors of z.
7, 409
Let f(m) = 18*m**2 + 6*m + 4. Let n(z) = -2*z**2 + 10*z - 12. Let a be n(4). List the prime factors of f(a).
2, 67
Suppose -2*l - 68 = -2*k, l - k + 3*k + 31 = 0. Let m = l + 19. Let w = 4 - m. What are the prime factors of w?
2, 3
Suppose -45*f - 4652 = -17747. List the prime factors of f.
3, 97
Suppose 4*v - 17*v + 7748 = 0. List the prime factors of v.
2, 149
Let w(u) = u**2 - 10*u - 1. Let f be w(11). Let h(j) = j**3 + 7*j**2 + 7*j. Let k be h(-5). Suppose c - k = f. What are the prime factors of c?
5
Let l be (-1 + 14/6)*3. Suppose l = 5*v - 11. Suppose -98 = u - v*u. What are the prime factors of u?
7
Suppose 2*c - 2*t - 14 = 2*t, -4 = -t. Let m be 159/c - (-6)/15. Suppose -r + 0*r - 51 = -5*w, -w + m = -r. What are the prime factors of w?
2, 5
Let i be -3*(-4)/12*2. Suppose 4*u - i = 18. Suppose u*z + 16 = 166. List the prime factors of z.
2, 3, 5
Suppose -4*k = -4*q - 4 - 0, 3*q = -2*k - 13. List the prime factors of -30 + 169 - (k - (-2 - -1)).
2, 5, 7
Let o(f) = -17 - 2*f**3 + 3*f**3 + f - 4*f**2 + 12 - 2*f**3. Let s be o(-4). What are the prime factors of (-103)/(-4) + s/12?
5
Suppose 0 = 6*a - 2*a + 4*j - 28, -5*a = j - 19. Suppose -o - 432 = -5*i - 91, -i = -a*o - 71. List the prime factors of i.
2, 17
Suppose 37062 - 14846 = 8*y. What are the prime factors of y?
2777
Suppose 2*i + 2*i - 8 = 0. Let p be ((-1)/1 - i)*-1. Suppose -u = -4*u - 3*m - p, 5*u + 3*m = 1. List the prime factors of u.
2
Suppose 6*x - v - 30 = x, x - 3*v - 6 = 0. Let h be ((-8)/(-3))/(4/x). Suppose 4*u - w - 60 = 0, -25 = -3*u + h*w + 33. List the prime factors of u.
2, 7
Suppose -10*d + 38 - 18 = 0. List the prime factors of (0 + -3)*(-9)/27*d.
2
Let q = -168 - -1624. Suppose -9*k + q = -2*k. List the prime factors of k.
2, 13
Let y be ((-92)/(-5))/((-3)/(-30)). Suppose 8*h - 4*h - y = 0. List the prime factors of h.
2, 23
Let c be (-2)/(-2 + 0)*7. Suppose -9*u = -c*u - 18. Suppose -4*n + u*n - 15 = 0. List the prime factors of n.
3
Let w = -142 + 142. Suppose r - 3 = -5, w = -p - 3*r + 71. What are the prime factors of p?
7, 11
Let j = -5 + 432. List the prime factors of j.
7, 61
Let l = -60 - -80. Suppose -l*v + 14*v = -300. What are the prime factors of v?
2, 5
Suppose -134 = 7*l - 1044. Let v = l - 61. What are the prime factors of v?
3, 23
Let w be 9/15 + 5856/15. Suppose g - 67 - 126 = -q, 2*q + g - w = 0. What are the prime factors of q?
2, 3, 11
Let d = 242 - 44. Let n = d - 88. List the prime factors of n.
2, 5, 11
Suppose -23*t + 988 + 10282 = 0. List the prime factors of t.
2, 5, 7
Let x(c) = 35*c - 138. What are the prime factors of x(10)?
2, 53
Suppose -2*s - 24 = -10*s. Suppose -s*b + 225 = 2*b. What are the prime factors of b?
3, 5
Let k = -8 - -10. Suppose k*m - 3*m = -43. What are the prime factors of m?
43
Let c = 1 + 9. Suppose c*m - 7*m = 0. List the prime factors of 71 + (m/(-3) - 3).
2, 17
Suppose 5*d - 2368 = -4*p, -792 = -5*p + 2*d + 2135. What are the prime factors of p?
587
Let y(f) = 8*f**2 - 24*f**2 - 12 + f**2 - 5*f**3 - 3*f + 4*f**3. Let h(o) = -8*o + 25. Let w be h(5). What are the prime factors of y(w)?
3, 11
Let p(u) be the first derivative of 5*u**2 - 16*u + 13. List the prime factors of p(8).
2
Let x be ((-5)/((-50)/8))/(4/70). Let n = 20 - x. What are the prime factors of n?
2, 3
Suppose 15*g + 23*g = 20368. What are the prime factors of g?
2, 67
Suppose 120 = -5*z - 3*n, 3*z + 3*n - 2*n + 76 = 0. What are the prime factors of z + 100 - (2 + 0)?
71
Suppose -130112 = -56*i + 3448. List the prime factors of i.
3, 5, 53
Suppose 2010 = 11*h - 20837. What are the prime factors of h?
31, 67
Let g(l) = 6*l + 17. Let u be g(8). Let m = -32 + u. What are the prime factors of m?
3, 11
Let t(j) = -j**3 - 14*j**2 + 15*j + 10. Let s be t(-15). Let l be 54/s + 30/(-75). Suppose -204 - 21 = -l*z. List the prime factors of z.
3, 5
Suppose 307 = 4*d - 3*d. Suppose -244 = -4*l - 4*h, 4*h + 0*h - d = -5*l. What are the prime factors of l?
3, 7
Let s be -1 + ((-6)/2)/(-1). Suppose 6*b - 65 = -35. Suppose -b*u - 77 = -s*c + 53, 5*u = -4*c + 200. What are the prime factors of c?
5, 11
Suppose -2*c + 32 = -5*l - 148, -5*c + 3*l = -450. Suppose 4*s - c = 166. List the prime factors of s.
2
List the prime factors of ((-16)/(-12))/(-4)*-966.
2, 7, 23
Suppose v = -3 + 8. Suppose 3*m - 65 - 16 = 0. List the prime factors of m + (3 + 0 - v).
5
Let g(r) = -3*r + 0*r - 42*r**2 + 4 + 46*r*